{"id":22,"date":"2025-08-26T09:30:31","date_gmt":"2025-08-26T09:30:31","guid":{"rendered":"http:\/\/delphinemayeul.fr\/?page_id=22"},"modified":"2025-12-06T10:51:15","modified_gmt":"2025-12-06T10:51:15","slug":"massages-cranien","status":"publish","type":"page","link":"https:\/\/delphinemayeul.fr\/?page_id=22","title":{"rendered":"Massages cr\u00e2nien"},"content":{"rendered":"\n<div class=\"slider-wrapper relative\" id=\"slider-1980823937\" >\n    <div class=\"slider slider-nav-circle slider-nav-large slider-nav-light slider-style-normal\"\n        data-flickity-options='{\n            \"cellAlign\": \"center\",\n            \"imagesLoaded\": true,\n            \"lazyLoad\": 1,\n            \"freeScroll\": false,\n            \"wrapAround\": true,\n            \"autoPlay\": 6000,\n            \"pauseAutoPlayOnHover\" : true,\n            \"prevNextButtons\": true,\n            \"contain\" : true,\n            \"adaptiveHeight\" : true,\n            \"dragThreshold\" : 10,\n            \"percentPosition\": true,\n            \"pageDots\": true,\n            \"rightToLeft\": false,\n            \"draggable\": true,\n            \"selectedAttraction\": 0.1,\n            \"parallax\" : 0,\n            \"friction\": 0.6        }'\n        >\n        \n\n\n  <div class=\"banner has-hover\" id=\"banner-852752587\">\n          <div class=\"banner-inner fill\">\n        <div class=\"banner-bg fill\" >\n            <img loading=\"lazy\" decoding=\"async\" width=\"1170\" height=\"782\" src=\"https:\/\/delphinemayeul.fr\/wp-content\/uploads\/2025\/12\/massage-cranien-1170x782-1.jpg\" class=\"bg attachment-original size-original\" alt=\"\" \/>                                    \n                    <\/div>\n\t\t\n        <div class=\"banner-layers container\">\n            <div class=\"fill banner-link\"><\/div>            \n\n   <div id=\"text-box-1913038753\" class=\"text-box banner-layer x50 md-x50 lg-x50 y95 md-y95 lg-y95 res-text\">\n                                <div class=\"text-box-content text box-shadow-1\">\n              \n              <div class=\"text-inner text-left\">\n                  \n\n<h3><span style=\"color: #282828;\"><strong>Apaisement profond du corps et de l\u2019esprit<\/strong><\/span><\/h3>\n<p><span style=\"color: #282828;\">Le massage cr\u00e2nien Shiro Abhyanga est une technique traditionnelle issue de l\u2019Ayurv\u00e9da, l\u2019ancienne m\u00e9decine indienne. Ce soin enveloppant et harmonisant agit sur le cuir chevelu, la nuque, les \u00e9paules et le haut du dos pour lib\u00e9rer les tensions, calmer le mental et favoriser une d\u00e9tente profonde.<\/span><\/p>\n<p><span style=\"color: #282828;\">Pratiqu\u00e9 avec des gestes doux, fluides et pr\u00e9cis, ce massage stimule la circulation sanguine et \u00e9nerg\u00e9tique, nourrit le cuir chevelu, d\u00e9tend les muscles et apaise le syst\u00e8me nerveux.<\/span><br \/><span style=\"color: #282828;\">C\u2019est un v\u00e9ritable rituel de l\u00e2cher-prise, qui reconnecte \u00e0 soi et r\u00e9tablit l\u2019harmonie entre le corps et l\u2019esprit.<\/span><\/p>\n\n              <\/div>\n           <\/div>\n                            \n<style>\n#text-box-1913038753 .text-box-content {\n  background-color: rgba(255, 255, 255, 0.326);\n  font-size: 100%;\n}\n#text-box-1913038753 .text-inner {\n  padding: 30px 30px 30px 30px;\n}\n#text-box-1913038753 {\n  width: 90%;\n}\n@media (min-width:550px) {\n  #text-box-1913038753 {\n    width: 89%;\n  }\n}\n<\/style>\n    <\/div>\n \n\n        <\/div>\n      <\/div>\n\n            \n<style>\n#banner-852752587 {\n  padding-top: 637px;\n}\n#banner-852752587 .banner-bg img {\n  object-position: 62% 60%;\n}\n<\/style>\n  <\/div>\n\n\n\n     <\/div>\n\n     <div class=\"loading-spin dark large centered\"><\/div>\n\n\t<\/div>\n\n\n<div class=\"container section-title-container\" ><h3 class=\"section-title section-title-center\"><b><\/b><span class=\"section-title-main\" >Ses bienfaits :<\/span><b><\/b><\/h3><\/div>\n\n\n\t<section class=\"section\" id=\"section_229788050\">\n\t\t<div class=\"section-bg fill\" >\n\t\t\t\t\t\t\t\t\t\n\t\t\t\n\n\t\t<\/div>\n\n\t\t\n\n\t\t<div class=\"section-content relative\">\n\t\t\t\n\n<div class=\"row row-large align-center row-divided\"  id=\"row-1153111293\">\n\n\n\t<div id=\"col-278520337\" class=\"col medium-4 large-4\"  >\n\t\t\t\t<div class=\"col-inner\"  >\n\t\t\t\n\t\t\t\n\n\n\t\t<div class=\"icon-box featured-box icon-box-center text-center\"  style=\"margin:0px 0px 0px 0px;\">\n\t\t\t\t\t<div class=\"icon-box-img\" style=\"width: 117px\">\n\t\t\t\t<div class=\"icon\">\n\t\t\t\t\t<div class=\"icon-inner\" style=\"color:rgb(255, 255, 255);\">\n\t\t\t\t\t\t<img loading=\"lazy\" decoding=\"async\" width=\"300\" height=\"282\" src=\"https:\/\/delphinemayeul.fr\/wp-content\/uploads\/2025\/09\/soleil-300x282.jpg\" class=\"attachment-medium size-medium\" alt=\"\" srcset=\"https:\/\/delphinemayeul.fr\/wp-content\/uploads\/2025\/09\/soleil-300x282.jpg 300w, https:\/\/delphinemayeul.fr\/wp-content\/uploads\/2025\/09\/soleil.jpg 392w\" sizes=\"auto, (max-width: 300px) 100vw, 300px\" \/>\t\t\t\t\t<\/div>\n\t\t\t\t<\/div>\n\t\t\t<\/div>\n\t\t\t\t<div class=\"icon-box-text last-reset\">\n\t\t\t\t\t\t\t\t\t\n\n<p>Lib\u00e8re les tensions mentales, nerveuses et musculaires.<\/p>\n\n\t\t<\/div>\n\t<\/div>\n\t\n\t\n\n\t\t<\/div>\n\t\t\t\t\t<\/div>\n\n\t\n\n\t<div id=\"col-1382708731\" class=\"col medium-4 large-4\"  >\n\t\t\t\t<div class=\"col-inner\"  >\n\t\t\t\n\t\t\t\n\n\n\t\t<div class=\"icon-box featured-box icon-box-center text-center\"  style=\"margin:0px 0px 0px 0px;\">\n\t\t\t\t\t<div class=\"icon-box-img\" style=\"width: 155px\">\n\t\t\t\t<div class=\"icon\">\n\t\t\t\t\t<div class=\"icon-inner\" style=\"color:rgb(255, 255, 255);\">\n\t\t\t\t\t\t<img loading=\"lazy\" decoding=\"async\" width=\"300\" height=\"214\" src=\"https:\/\/delphinemayeul.fr\/wp-content\/uploads\/2025\/09\/fleuroeil-300x214.jpg\" class=\"attachment-medium size-medium\" alt=\"\" srcset=\"https:\/\/delphinemayeul.fr\/wp-content\/uploads\/2025\/09\/fleuroeil-300x214.jpg 300w, https:\/\/delphinemayeul.fr\/wp-content\/uploads\/2025\/09\/fleuroeil.jpg 566w\" sizes=\"auto, (max-width: 300px) 100vw, 300px\" \/>\t\t\t\t\t<\/div>\n\t\t\t\t<\/div>\n\t\t\t<\/div>\n\t\t\t\t<div class=\"icon-box-text last-reset\">\n\t\t\t\t\t\t\t\t\t\n\n<p>Favorise la d\u00e9tente profonde et am\u00e9liore la qualit\u00e9 du sommeil.<\/p>\n\n\t\t<\/div>\n\t<\/div>\n\t\n\t\n\n\t\t<\/div>\n\t\t\t\t\t<\/div>\n\n\t\n\n\t<div id=\"col-1492621154\" class=\"col medium-4 large-4\"  >\n\t\t\t\t<div class=\"col-inner\"  >\n\t\t\t\n\t\t\t\n\n\n\t\t<div class=\"icon-box featured-box icon-box-center text-center\"  style=\"margin:0px 0px 0px 0px;\">\n\t\t\t\t\t<div class=\"icon-box-img\" style=\"width: 148px\">\n\t\t\t\t<div class=\"icon\">\n\t\t\t\t\t<div class=\"icon-inner\" style=\"color:rgb(255, 255, 255);\">\n\t\t\t\t\t\t<img loading=\"lazy\" decoding=\"async\" width=\"300\" height=\"228\" src=\"https:\/\/delphinemayeul.fr\/wp-content\/uploads\/2025\/09\/fleur-contourbleu-300x228.jpg\" class=\"attachment-medium size-medium\" alt=\"\" srcset=\"https:\/\/delphinemayeul.fr\/wp-content\/uploads\/2025\/09\/fleur-contourbleu-300x228.jpg 300w, https:\/\/delphinemayeul.fr\/wp-content\/uploads\/2025\/09\/fleur-contourbleu.jpg 448w\" sizes=\"auto, (max-width: 300px) 100vw, 300px\" \/>\t\t\t\t\t<\/div>\n\t\t\t\t<\/div>\n\t\t\t<\/div>\n\t\t\t\t<div class=\"icon-box-text last-reset\">\n\t\t\t\t\t\t\t\t\t\n\n<p>Stimule la circulation sanguine et \u00e9nerg\u00e9tique du cuir chevelu.<\/p>\n\n\t\t<\/div>\n\t<\/div>\n\t\n\t\n\n\t\t<\/div>\n\t\t\t\t\t<\/div>\n\n\t\n\n\t<div id=\"col-2115955683\" class=\"col medium-4 small-12 large-4\"  >\n\t\t\t\t<div class=\"col-inner\"  >\n\t\t\t\n\t\t\t\n\n\n\t\t<div class=\"icon-box featured-box icon-box-center text-center\"  >\n\t\t\t\t\t<div class=\"icon-box-img\" style=\"width: 148px\">\n\t\t\t\t<div class=\"icon\">\n\t\t\t\t\t<div class=\"icon-inner\" >\n\t\t\t\t\t\t<img loading=\"lazy\" decoding=\"async\" width=\"300\" height=\"215\" src=\"https:\/\/delphinemayeul.fr\/wp-content\/uploads\/2025\/09\/etoileetpoint-300x215.jpg\" class=\"attachment-medium size-medium\" alt=\"\" srcset=\"https:\/\/delphinemayeul.fr\/wp-content\/uploads\/2025\/09\/etoileetpoint-300x215.jpg 300w, https:\/\/delphinemayeul.fr\/wp-content\/uploads\/2025\/09\/etoileetpoint.jpg 386w\" sizes=\"auto, (max-width: 300px) 100vw, 300px\" \/>\t\t\t\t\t<\/div>\n\t\t\t\t<\/div>\n\t\t\t<\/div>\n\t\t\t\t<div class=\"icon-box-text last-reset\">\n\t\t\t\t\t\t\t\t\t\n\n<p>Aide \u00e0 apaiser le stress, les migraines, la fatigue mentale.<\/p>\n\n\t\t<\/div>\n\t<\/div>\n\t\n\t\n\n\t\t<\/div>\n\t\t\t\t\t<\/div>\n\n\t\n\n\t<div id=\"col-2065404642\" class=\"col medium-4 small-12 large-4\"  >\n\t\t\t\t<div class=\"col-inner\"  >\n\t\t\t\n\t\t\t\n\n\n\t\t<div class=\"icon-box featured-box icon-box-center text-center\"  >\n\t\t\t\t\t<div class=\"icon-box-img\" style=\"width: 117px\">\n\t\t\t\t<div class=\"icon\">\n\t\t\t\t\t<div class=\"icon-inner\" >\n\t\t\t\t\t\t<img loading=\"lazy\" decoding=\"async\" width=\"300\" height=\"274\" src=\"https:\/\/delphinemayeul.fr\/wp-content\/uploads\/2025\/09\/elephant-300x274.jpg\" class=\"attachment-medium size-medium\" alt=\"\" srcset=\"https:\/\/delphinemayeul.fr\/wp-content\/uploads\/2025\/09\/elephant-300x274.jpg 300w, https:\/\/delphinemayeul.fr\/wp-content\/uploads\/2025\/09\/elephant.jpg 448w\" sizes=\"auto, (max-width: 300px) 100vw, 300px\" \/>\t\t\t\t\t<\/div>\n\t\t\t\t<\/div>\n\t\t\t<\/div>\n\t\t\t\t<div class=\"icon-box-text last-reset\">\n\t\t\t\t\t\t\t\t\t\n\n<p>Redonne clart\u00e9, concentration et \u00e9quilibre int\u00e9rieur.<\/p>\n\n\t\t<\/div>\n\t<\/div>\n\t\n\t\n\n\t\t<\/div>\n\t\t\t\t\t<\/div>\n\n\t\n\n<\/div>\n\n\t\t<\/div>\n\n\t\t\n<style>\n#section_229788050 {\n  padding-top: 30px;\n  padding-bottom: 30px;\n  background-color: rgb(255, 255, 255);\n}\n<\/style>\n\t<\/section>\n\t\n<div class=\"row\"  id=\"row-511326041\">\n\n\n\t<div id=\"col-34379698\" class=\"col small-12 large-12\"  >\n\t\t\t\t<div class=\"col-inner\"  >\n\t\t\t\n\t\t\t\n\n<p>Ce soin procure une sensation imm\u00e9diate de l\u00e9g\u00e8ret\u00e9 et de s\u00e9r\u00e9nit\u00e9. En apaisant le mental, il permet \u00e0 l\u2019\u00e9nergie vitale de circuler plus librement dans tout le corps.<\/p>\n<p>Le Shiro Abhyanga est bien plus qu\u2019un simple massage : c\u2019est un moment sacr\u00e9 de recentrage, un voyage int\u00e9rieur vers la paix, la d\u00e9tente et la reconnexion \u00e0 soi.<\/p>\n\n\t\t<\/div>\n\t\t\t\t\t<\/div>\n\n\t\n\n<\/div>\n<div class=\"container section-title-container\" ><h3 class=\"section-title section-title-center\"><b><\/b><span class=\"section-title-main\" >Un soin profond\u00e9ment relaxant pour apaiser l\u2019esprit, rel\u00e2cher les tensions et ramener l\u2019\u00e9nergie \u00e0 sa juste fluidit\u00e9.<\/span><b><\/b><\/h3><\/div>\n\n\n","protected":false},"excerpt":{"rendered":"","protected":false},"author":2,"featured_media":0,"parent":0,"menu_order":0,"comment_status":"closed","ping_status":"closed","template":"page-blank.php","meta":{"footnotes":""},"class_list":["post-22","page","type-page","status-publish","hentry"],"yoast_head":"<!-- This site is optimized with the Yoast SEO plugin v26.5 - https:\/\/yoast.com\/wordpress\/plugins\/seo\/ -->\n<title>Massages cr\u00e2nien - Delphine Mayeul<\/title>\n<meta name=\"description\" content=\"Massages cr\u00e2nien\" \/>\n<meta name=\"robots\" content=\"index, follow, max-snippet:-1, max-image-preview:large, max-video-preview:-1\" \/>\n<link rel=\"canonical\" href=\"https:\/\/delphinemayeul.fr\/?page_id=22\" \/>\n<meta property=\"og:locale\" content=\"fr_FR\" \/>\n<meta property=\"og:type\" content=\"article\" \/>\n<meta property=\"og:title\" content=\"Massages cr\u00e2nien - Delphine Mayeul\" \/>\n<meta property=\"og:description\" content=\"Massages cr\u00e2nien\" \/>\n<meta property=\"og:url\" content=\"https:\/\/delphinemayeul.fr\/?page_id=22\" \/>\n<meta property=\"og:site_name\" content=\"Delphine Mayeul\" \/>\n<meta property=\"article:modified_time\" content=\"2025-12-06T10:51:15+00:00\" \/>\n<meta name=\"twitter:card\" content=\"summary_large_image\" \/>\n<meta name=\"twitter:label1\" content=\"Dur\u00e9e de lecture estim\u00e9e\" \/>\n\t<meta name=\"twitter:data1\" content=\"2 minutes\" \/>\n<script type=\"application\/ld+json\" class=\"yoast-schema-graph\">{\"@context\":\"https:\/\/schema.org\",\"@graph\":[{\"@type\":\"WebPage\",\"@id\":\"https:\/\/delphinemayeul.fr\/?page_id=22\",\"url\":\"https:\/\/delphinemayeul.fr\/?page_id=22\",\"name\":\"Massages cr\u00e2nien - Delphine Mayeul\",\"isPartOf\":{\"@id\":\"https:\/\/delphinemayeul.fr\/#website\"},\"datePublished\":\"2025-08-26T09:30:31+00:00\",\"dateModified\":\"2025-12-06T10:51:15+00:00\",\"description\":\"Massages cr\u00e2nien\",\"breadcrumb\":{\"@id\":\"https:\/\/delphinemayeul.fr\/?page_id=22#breadcrumb\"},\"inLanguage\":\"fr-FR\",\"potentialAction\":[{\"@type\":\"ReadAction\",\"target\":[\"https:\/\/delphinemayeul.fr\/?page_id=22\"]}]},{\"@type\":\"BreadcrumbList\",\"@id\":\"https:\/\/delphinemayeul.fr\/?page_id=22#breadcrumb\",\"itemListElement\":[{\"@type\":\"ListItem\",\"position\":1,\"name\":\"Accueil\",\"item\":\"https:\/\/delphinemayeul.fr\/\"},{\"@type\":\"ListItem\",\"position\":2,\"name\":\"Massages cr\u00e2nien\"}]},{\"@type\":\"WebSite\",\"@id\":\"https:\/\/delphinemayeul.fr\/#website\",\"url\":\"https:\/\/delphinemayeul.fr\/\",\"name\":\"Delphine Mayeul\",\"description\":\"Th\u00e9rapeute bien-\u00eatre holistique\",\"publisher\":{\"@id\":\"https:\/\/delphinemayeul.fr\/#\/schema\/person\/9d61741d0fed6b94415f5149f2ee5999\"},\"potentialAction\":[{\"@type\":\"SearchAction\",\"target\":{\"@type\":\"EntryPoint\",\"urlTemplate\":\"https:\/\/delphinemayeul.fr\/?s={search_term_string}\"},\"query-input\":{\"@type\":\"PropertyValueSpecification\",\"valueRequired\":true,\"valueName\":\"search_term_string\"}}],\"inLanguage\":\"fr-FR\"},{\"@type\":[\"Person\",\"Organization\"],\"@id\":\"https:\/\/delphinemayeul.fr\/#\/schema\/person\/9d61741d0fed6b94415f5149f2ee5999\",\"name\":\"delphine\",\"image\":{\"@type\":\"ImageObject\",\"inLanguage\":\"fr-FR\",\"@id\":\"https:\/\/delphinemayeul.fr\/#\/schema\/person\/image\/\",\"url\":\"https:\/\/delphinemayeul.fr\/wp-content\/uploads\/2025\/09\/fleuroeil.jpg\",\"contentUrl\":\"https:\/\/delphinemayeul.fr\/wp-content\/uploads\/2025\/09\/fleuroeil.jpg\",\"width\":566,\"height\":403,\"caption\":\"delphine\"},\"logo\":{\"@id\":\"https:\/\/delphinemayeul.fr\/#\/schema\/person\/image\/\"},\"sameAs\":[\"http:\/\/delphinemayeul.fr\"]}]}<\/script>\n<!-- \/ Yoast SEO plugin. -->","yoast_head_json":{"title":"Massages cr\u00e2nien - Delphine Mayeul","description":"Massages cr\u00e2nien","robots":{"index":"index","follow":"follow","max-snippet":"max-snippet:-1","max-image-preview":"max-image-preview:large","max-video-preview":"max-video-preview:-1"},"canonical":"https:\/\/delphinemayeul.fr\/?page_id=22","og_locale":"fr_FR","og_type":"article","og_title":"Massages cr\u00e2nien - Delphine Mayeul","og_description":"Massages cr\u00e2nien","og_url":"https:\/\/delphinemayeul.fr\/?page_id=22","og_site_name":"Delphine Mayeul","article_modified_time":"2025-12-06T10:51:15+00:00","twitter_card":"summary_large_image","twitter_misc":{"Dur\u00e9e de lecture estim\u00e9e":"2 minutes"},"schema":{"@context":"https:\/\/schema.org","@graph":[{"@type":"WebPage","@id":"https:\/\/delphinemayeul.fr\/?page_id=22","url":"https:\/\/delphinemayeul.fr\/?page_id=22","name":"Massages cr\u00e2nien - Delphine Mayeul","isPartOf":{"@id":"https:\/\/delphinemayeul.fr\/#website"},"datePublished":"2025-08-26T09:30:31+00:00","dateModified":"2025-12-06T10:51:15+00:00","description":"Massages cr\u00e2nien","breadcrumb":{"@id":"https:\/\/delphinemayeul.fr\/?page_id=22#breadcrumb"},"inLanguage":"fr-FR","potentialAction":[{"@type":"ReadAction","target":["https:\/\/delphinemayeul.fr\/?page_id=22"]}]},{"@type":"BreadcrumbList","@id":"https:\/\/delphinemayeul.fr\/?page_id=22#breadcrumb","itemListElement":[{"@type":"ListItem","position":1,"name":"Accueil","item":"https:\/\/delphinemayeul.fr\/"},{"@type":"ListItem","position":2,"name":"Massages cr\u00e2nien"}]},{"@type":"WebSite","@id":"https:\/\/delphinemayeul.fr\/#website","url":"https:\/\/delphinemayeul.fr\/","name":"Delphine Mayeul","description":"Th\u00e9rapeute bien-\u00eatre holistique","publisher":{"@id":"https:\/\/delphinemayeul.fr\/#\/schema\/person\/9d61741d0fed6b94415f5149f2ee5999"},"potentialAction":[{"@type":"SearchAction","target":{"@type":"EntryPoint","urlTemplate":"https:\/\/delphinemayeul.fr\/?s={search_term_string}"},"query-input":{"@type":"PropertyValueSpecification","valueRequired":true,"valueName":"search_term_string"}}],"inLanguage":"fr-FR"},{"@type":["Person","Organization"],"@id":"https:\/\/delphinemayeul.fr\/#\/schema\/person\/9d61741d0fed6b94415f5149f2ee5999","name":"delphine","image":{"@type":"ImageObject","inLanguage":"fr-FR","@id":"https:\/\/delphinemayeul.fr\/#\/schema\/person\/image\/","url":"https:\/\/delphinemayeul.fr\/wp-content\/uploads\/2025\/09\/fleuroeil.jpg","contentUrl":"https:\/\/delphinemayeul.fr\/wp-content\/uploads\/2025\/09\/fleuroeil.jpg","width":566,"height":403,"caption":"delphine"},"logo":{"@id":"https:\/\/delphinemayeul.fr\/#\/schema\/person\/image\/"},"sameAs":["http:\/\/delphinemayeul.fr"]}]}},"_links":{"self":[{"href":"https:\/\/delphinemayeul.fr\/index.php?rest_route=\/wp\/v2\/pages\/22","targetHints":{"allow":["GET"]}}],"collection":[{"href":"https:\/\/delphinemayeul.fr\/index.php?rest_route=\/wp\/v2\/pages"}],"about":[{"href":"https:\/\/delphinemayeul.fr\/index.php?rest_route=\/wp\/v2\/types\/page"}],"author":[{"embeddable":true,"href":"https:\/\/delphinemayeul.fr\/index.php?rest_route=\/wp\/v2\/users\/2"}],"replies":[{"embeddable":true,"href":"https:\/\/delphinemayeul.fr\/index.php?rest_route=%2Fwp%2Fv2%2Fcomments&post=22"}],"version-history":[{"count":3,"href":"https:\/\/delphinemayeul.fr\/index.php?rest_route=\/wp\/v2\/pages\/22\/revisions"}],"predecessor-version":[{"id":259,"href":"https:\/\/delphinemayeul.fr\/index.php?rest_route=\/wp\/v2\/pages\/22\/revisions\/259"}],"wp:attachment":[{"href":"https:\/\/delphinemayeul.fr\/index.php?rest_route=%2Fwp%2Fv2%2Fmedia&parent=22"}],"curies":[{"name":"wp","href":"https:\/\/api.w.org\/{rel}","templated":true}]}}