{"id":201,"date":"2025-11-11T19:14:48","date_gmt":"2025-11-11T19:14:48","guid":{"rendered":"https:\/\/delphinemayeul.fr\/?page_id=201"},"modified":"2025-12-06T10:55:35","modified_gmt":"2025-12-06T10:55:35","slug":"accueil-2","status":"publish","type":"page","link":"https:\/\/delphinemayeul.fr\/","title":{"rendered":"Accueil"},"content":{"rendered":"\n\n  <div class=\"banner has-hover has-parallax\" id=\"banner-2025941709\">\n          <div class=\"banner-inner fill\">\n        <div class=\"banner-bg fill\" data-parallax=\"-3\" data-parallax-container=\".banner\" data-parallax-background>\n            <img loading=\"lazy\" decoding=\"async\" width=\"800\" height=\"533\" src=\"https:\/\/delphinemayeul.fr\/wp-content\/uploads\/2025\/12\/therapeute.jpg\" class=\"bg attachment-original size-original\" alt=\"\" \/>                                    \n                    <\/div>\n\t\t\n        <div class=\"banner-layers container\">\n            <div class=\"fill banner-link\"><\/div>            \n\n   <div id=\"text-box-1788148955\" class=\"text-box banner-layer x50 md-x50 lg-x50 y50 md-y50 lg-y50 res-text\">\n                     <div data-animate=\"fadeInLeft\">           <div class=\"text-box-content text dark text-shadow-2\">\n              \n              <div class=\"text-inner text-center\">\n                  \n\n\t<div id=\"text-3482457473\" class=\"text\">\n\t\t\n\n<h2><strong>Th\u00e9rapeute bien-\u00eatre holistique<\/strong><\/h2>\n<p><span style=\"font-size: 120%;\">Je vous accueille dans un espace de confiance, de respect et de bienveillance.<\/span><\/p>\n\t\t\n<style>\n#text-3482457473 {\n  text-align: center;\n}\n<\/style>\n\t<\/div>\n\t\n\n              <\/div>\n           <\/div>\n       <\/div>                     \n<style>\n#text-box-1788148955 {\n  width: 80%;\n}\n#text-box-1788148955 .text-box-content {\n  font-size: 100%;\n}\n@media (min-width:550px) {\n  #text-box-1788148955 {\n    width: 67%;\n  }\n}\n<\/style>\n    <\/div>\n \n\n        <\/div>\n      <\/div>\n\n            \n<style>\n#banner-2025941709 {\n  padding-top: 540px;\n}\n#banner-2025941709 .overlay {\n  background-color: rgba(0, 0, 0, 0.3);\n}\n#banner-2025941709 .banner-bg img {\n  object-position: 90% 90%;\n}\n<\/style>\n  <\/div>\n\n\n<div class=\"container section-title-container\" ><h3 class=\"section-title section-title-center\"><b><\/b><span class=\"section-title-main\" >En savoir plus<\/span><b><\/b><\/h3><\/div>\n\n  <div class=\"banner-grid-wrapper\">\n  <div id=\"banner-grid-681398960\" class=\"banner-grid row row-grid row-small\" data-packery-options=\"\">\n                      \n\n<div class=\"col grid-col large-3 grid-col-1\" ><div class=\"col-inner\">\n\n\n  <div class=\"banner has-hover bg-zoom\" id=\"banner-1104541625\">\n          <div class=\"banner-inner fill\">\n        <div class=\"banner-bg fill\" >\n            <img loading=\"lazy\" decoding=\"async\" width=\"1020\" height=\"680\" src=\"https:\/\/delphinemayeul.fr\/wp-content\/uploads\/2025\/12\/univers-etre-holistique-guide-complet-sonotherapie-1024x683.webp\" class=\"bg attachment-large size-large\" alt=\"\" \/>                        <div class=\"overlay\"><\/div>            \n                    <\/div>\n\t\t\n        <div class=\"banner-layers container\">\n            <a class=\"fill\" href=\"https:\/\/delphinemayeul.fr\/?page_id=48\" ><div class=\"fill banner-link\"><\/div><\/a>            \n\n   <div id=\"text-box-275590521\" class=\"text-box banner-layer x50 md-x50 lg-x50 y30 md-y30 lg-y30 res-text\">\n                                <div class=\"text-box-content text dark\">\n              \n              <div class=\"text-inner text-center\">\n                  \n\n<h3 class=\"uppercase\"><strong>MES ACCOMPAGNEMENTS<\/strong><\/h3>\n\n              <\/div>\n           <\/div>\n                            \n<style>\n#text-box-275590521 {\n  width: 96%;\n}\n#text-box-275590521 .text-box-content {\n  font-size: 100%;\n}\n<\/style>\n    <\/div>\n \n\n        <\/div>\n      <\/div>\n\n            \n<style>\n#banner-1104541625 {\n  padding-top: 400px;\n}\n#banner-1104541625 .overlay {\n  background-color: rgba(0, 0, 0, 0.2);\n}\n#banner-1104541625 .banner-bg img {\n  object-position: -150;\n}\n<\/style>\n  <\/div>\n\n\n\n<\/div><\/div>\n<div class=\"col grid-col large-6 grid-col-1-2\" ><div class=\"col-inner\">\n\n\n  <div class=\"banner has-hover bg-zoom\" id=\"banner-1541561662\">\n          <div class=\"banner-inner fill\">\n        <div class=\"banner-bg fill\" >\n            <img loading=\"lazy\" decoding=\"async\" width=\"848\" height=\"565\" src=\"https:\/\/delphinemayeul.fr\/wp-content\/uploads\/2025\/12\/massage-2.jpg\" class=\"bg attachment-large size-large\" alt=\"\" \/>                                    \n                    <\/div>\n\t\t\n        <div class=\"banner-layers container\">\n            <a class=\"fill\" href=\"https:\/\/delphinemayeul.fr\/?page_id=16\" ><div class=\"fill banner-link\"><\/div><\/a>            \n\n   <div id=\"text-box-2110393252\" class=\"text-box banner-layer x50 md-x50 lg-x50 y70 md-y70 lg-y70 res-text\">\n                                <div class=\"text-box-content text dark\">\n              \n              <div class=\"text-inner text-center\">\n                  \n\n<h3 class=\"uppercase\"><span style=\"color: #2b39b7;\"><strong>SOINS ENERGETIQUES<\/strong><\/span><\/h3>\n\n              <\/div>\n           <\/div>\n                            \n<style>\n#text-box-2110393252 {\n  width: 60%;\n}\n#text-box-2110393252 .text-box-content {\n  font-size: 100%;\n}\n<\/style>\n    <\/div>\n \n\n        <\/div>\n      <\/div>\n\n            \n<style>\n#banner-1541561662 {\n  padding-top: 500px;\n}\n<\/style>\n  <\/div>\n\n\n\n<\/div><\/div>\n<div class=\"col grid-col large-3 grid-col-1-2\" ><div class=\"col-inner\">\n\n\n  <div class=\"banner has-hover bg-zoom\" id=\"banner-373703983\">\n          <div class=\"banner-inner fill\">\n        <div class=\"banner-bg fill\" >\n            <img loading=\"lazy\" decoding=\"async\" width=\"1020\" height=\"611\" src=\"https:\/\/delphinemayeul.fr\/wp-content\/uploads\/2025\/12\/Hypnose-Ericksonienne-1024x613.jpg\" class=\"bg attachment-large size-large\" alt=\"\" \/>                                    \n                    <\/div>\n\t\t\n        <div class=\"banner-layers container\">\n            <a class=\"fill\" href=\"https:\/\/delphinemayeul.fr\/?page_id=18\" ><div class=\"fill banner-link\"><\/div><\/a>            \n\n   <div id=\"text-box-1456753100\" class=\"text-box banner-layer x50 md-x50 lg-x50 y95 md-y95 lg-y95 res-text\">\n                                <div class=\"text-box-content text dark\">\n              \n              <div class=\"text-inner text-center\">\n                  \n\n<h3 class=\"uppercase\"><span style=\"color: #2b39b7;\"><strong><span style=\"color: #ffffff;\">Hypnose ericksonienne<\/span><\/strong><\/span><\/h3>\n\n              <\/div>\n           <\/div>\n                            \n<style>\n#text-box-1456753100 {\n  width: 85%;\n}\n#text-box-1456753100 .text-box-content {\n  font-size: 100%;\n}\n<\/style>\n    <\/div>\n \n\n        <\/div>\n      <\/div>\n\n            \n<style>\n#banner-373703983 {\n  padding-top: 500px;\n}\n#banner-373703983 .banner-bg img {\n  object-position: -70;\n}\n<\/style>\n  <\/div>\n\n\n\n<\/div><\/div>\n<div class=\"col grid-col large-6 grid-col-1-2\" ><div class=\"col-inner\">\n\n\n  <div class=\"banner has-hover bg-zoom\" id=\"banner-129277982\">\n          <div class=\"banner-inner fill\">\n        <div class=\"banner-bg fill\" >\n            <img loading=\"lazy\" decoding=\"async\" width=\"1020\" height=\"663\" src=\"https:\/\/delphinemayeul.fr\/wp-content\/uploads\/2025\/12\/Les-bienfaits-du-drainage-lymphatique-pour-le-visage-1024x666.jpg\" class=\"bg attachment-large size-large\" alt=\"\" \/>                                    \n                    <\/div>\n\t\t\n        <div class=\"banner-layers container\">\n            <a class=\"fill\" href=\"https:\/\/delphinemayeul.fr\/?page_id=20\" ><div class=\"fill banner-link\"><\/div><\/a>            \n\n   <div id=\"text-box-715079983\" class=\"text-box banner-layer x50 md-x50 lg-x50 y80 md-y80 lg-y80 res-text\">\n                                <div class=\"text-box-content text dark\">\n              \n              <div class=\"text-inner text-center\">\n                  \n\n<h3 class=\"uppercase\"><strong>MASSAGE DRAINANT LYMPHATIQUE<\/strong><\/h3>\n\n              <\/div>\n           <\/div>\n                            \n<style>\n#text-box-715079983 {\n  width: 100%;\n}\n#text-box-715079983 .text-box-content {\n  font-size: 100%;\n}\n<\/style>\n    <\/div>\n \n\n        <\/div>\n      <\/div>\n\n            \n<style>\n#banner-129277982 {\n  padding-top: 500px;\n}\n<\/style>\n  <\/div>\n\n\n\n<\/div><\/div>\n<div class=\"col grid-col large-3 grid-col-1-2\" ><div class=\"col-inner\">\n\n\n  <div class=\"banner has-hover bg-zoom\" id=\"banner-1656663551\">\n          <div class=\"banner-inner fill\">\n        <div class=\"banner-bg fill\" >\n            <img loading=\"lazy\" decoding=\"async\" width=\"1020\" height=\"681\" src=\"https:\/\/delphinemayeul.fr\/wp-content\/uploads\/2025\/12\/massage-cranien-1170x782-1-1024x684.jpg\" class=\"bg attachment-large size-large\" alt=\"\" \/>                                    \n                    <\/div>\n\t\t\n        <div class=\"banner-layers container\">\n            <a class=\"fill\" href=\"https:\/\/delphinemayeul.fr\/?page_id=22\" ><div class=\"fill banner-link\"><\/div><\/a>            \n\n   <div id=\"text-box-115585132\" class=\"text-box banner-layer x50 md-x50 lg-x50 y80 md-y80 lg-y80 res-text\">\n                                <div class=\"text-box-content text dark\">\n              \n              <div class=\"text-inner text-center\">\n                  \n\n<h3 class=\"uppercase\"><strong>massage cranien<\/strong><\/h3>\n\n              <\/div>\n           <\/div>\n                            \n<style>\n#text-box-115585132 {\n  width: 100%;\n}\n#text-box-115585132 .text-box-content {\n  font-size: 100%;\n}\n<\/style>\n    <\/div>\n \n\n        <\/div>\n      <\/div>\n\n            \n<style>\n#banner-1656663551 {\n  padding-top: 500px;\n}\n<\/style>\n  <\/div>\n\n\n\n<\/div><\/div>\n\n            <\/div>\n    <style>\n    #banner-grid-681398960 .grid-col-1{height: 600px}\n    #banner-grid-681398960 .grid-col-1-2{height: 300px}\n    #banner-grid-681398960 .grid-col-1-3{height:200px}\n    #banner-grid-681398960 .grid-col-2-3{height: 400px}\n    #banner-grid-681398960 .grid-col-1-4{height: 150px}\n    #banner-grid-681398960 .grid-col-3-4{height: 450px}\n\n\n    \n    \n\n  <\/style>\n    <\/div>\n  \n\n  <div class=\"banner has-hover\" id=\"banner-1463101293\">\n          <div class=\"banner-inner fill\">\n        <div class=\"banner-bg fill\" >\n                                                \n                    <\/div>\n\t\t\n        <div class=\"banner-layers container\">\n            <div class=\"fill banner-link\"><\/div>            \n\n   <div id=\"text-box-1208256400\" class=\"text-box banner-layer x50 md-x50 lg-x50 y50 md-y50 lg-y50 res-text\">\n                                <div class=\"text-box-content text dark\">\n              \n              <div class=\"text-inner text-center\">\n                  \n\n<h3 class=\"uppercase\"><span style=\"color: #282828;\"><strong>Qui quis-je ?<\/strong><\/span><\/h3>\n<p><span style=\"color: #282828;\">Je suis Delphine Mayeul, une femme sensible, intuitive et profond\u00e9ment humaine. Depuis toujours, j\u2019\u00e9volue avec une qu\u00eate en moi : celle de transformation, de lib\u00e9ration, de beaut\u00e9 int\u00e9rieure autant qu\u2019ext\u00e9rieure\u2026<\/span><\/p>\n<a href=\"https:\/\/delphinemayeul.fr\/?page_id=14\" class=\"button white is-bevel\"  style=\"border-radius:16px;\">\n\t\t<span>en savoir plus<\/span>\n\t<\/a>\n\n\n\n              <\/div>\n           <\/div>\n                            \n<style>\n#text-box-1208256400 {\n  width: 60%;\n}\n#text-box-1208256400 .text-box-content {\n  font-size: 100%;\n}\n<\/style>\n    <\/div>\n \n\n        <\/div>\n      <\/div>\n\n            \n<style>\n#banner-1463101293 {\n  padding-top: 500px;\n  background-color: rgb(199, 186, 77);\n}\n<\/style>\n  <\/div>\n\n\n\n","protected":false},"excerpt":{"rendered":"","protected":false},"author":2,"featured_media":0,"parent":0,"menu_order":0,"comment_status":"closed","ping_status":"closed","template":"page-blank.php","meta":{"footnotes":""},"class_list":["post-201","page","type-page","status-publish","hentry"],"yoast_head":"<!-- This site is optimized with the Yoast SEO plugin v26.5 - https:\/\/yoast.com\/wordpress\/plugins\/seo\/ -->\n<title>Accueil - Delphine Mayeul<\/title>\n<meta name=\"description\" content=\"Accueil\" \/>\n<meta name=\"robots\" content=\"index, follow, max-snippet:-1, max-image-preview:large, max-video-preview:-1\" \/>\n<link rel=\"canonical\" href=\"https:\/\/delphinemayeul.fr\/\" \/>\n<meta property=\"og:locale\" content=\"fr_FR\" \/>\n<meta property=\"og:type\" content=\"article\" \/>\n<meta property=\"og:title\" content=\"Accueil - Delphine Mayeul\" \/>\n<meta property=\"og:description\" content=\"Accueil\" \/>\n<meta property=\"og:url\" content=\"https:\/\/delphinemayeul.fr\/\" \/>\n<meta property=\"og:site_name\" content=\"Delphine Mayeul\" \/>\n<meta property=\"article:modified_time\" content=\"2025-12-06T10:55:35+00:00\" \/>\n<meta name=\"twitter:card\" content=\"summary_large_image\" \/>\n<meta name=\"twitter:label1\" content=\"Dur\u00e9e de lecture estim\u00e9e\" \/>\n\t<meta name=\"twitter:data1\" content=\"1 minute\" \/>\n<script type=\"application\/ld+json\" class=\"yoast-schema-graph\">{\"@context\":\"https:\/\/schema.org\",\"@graph\":[{\"@type\":\"WebPage\",\"@id\":\"https:\/\/delphinemayeul.fr\/\",\"url\":\"https:\/\/delphinemayeul.fr\/\",\"name\":\"Accueil - Delphine Mayeul\",\"isPartOf\":{\"@id\":\"https:\/\/delphinemayeul.fr\/#website\"},\"datePublished\":\"2025-11-11T19:14:48+00:00\",\"dateModified\":\"2025-12-06T10:55:35+00:00\",\"description\":\"Accueil\",\"breadcrumb\":{\"@id\":\"https:\/\/delphinemayeul.fr\/#breadcrumb\"},\"inLanguage\":\"fr-FR\",\"potentialAction\":[{\"@type\":\"ReadAction\",\"target\":[\"https:\/\/delphinemayeul.fr\/\"]}]},{\"@type\":\"BreadcrumbList\",\"@id\":\"https:\/\/delphinemayeul.fr\/#breadcrumb\",\"itemListElement\":[{\"@type\":\"ListItem\",\"position\":1,\"name\":\"Accueil\",\"item\":\"https:\/\/delphinemayeul.fr\/\"},{\"@type\":\"ListItem\",\"position\":2,\"name\":\"Accueil\"}]},{\"@type\":\"WebSite\",\"@id\":\"https:\/\/delphinemayeul.fr\/#website\",\"url\":\"https:\/\/delphinemayeul.fr\/\",\"name\":\"Delphine Mayeul\",\"description\":\"Th\u00e9rapeute bien-\u00eatre holistique\",\"publisher\":{\"@id\":\"https:\/\/delphinemayeul.fr\/#\/schema\/person\/9d61741d0fed6b94415f5149f2ee5999\"},\"potentialAction\":[{\"@type\":\"SearchAction\",\"target\":{\"@type\":\"EntryPoint\",\"urlTemplate\":\"https:\/\/delphinemayeul.fr\/?s={search_term_string}\"},\"query-input\":{\"@type\":\"PropertyValueSpecification\",\"valueRequired\":true,\"valueName\":\"search_term_string\"}}],\"inLanguage\":\"fr-FR\"},{\"@type\":[\"Person\",\"Organization\"],\"@id\":\"https:\/\/delphinemayeul.fr\/#\/schema\/person\/9d61741d0fed6b94415f5149f2ee5999\",\"name\":\"delphine\",\"image\":{\"@type\":\"ImageObject\",\"inLanguage\":\"fr-FR\",\"@id\":\"https:\/\/delphinemayeul.fr\/#\/schema\/person\/image\/\",\"url\":\"https:\/\/delphinemayeul.fr\/wp-content\/uploads\/2025\/09\/fleuroeil.jpg\",\"contentUrl\":\"https:\/\/delphinemayeul.fr\/wp-content\/uploads\/2025\/09\/fleuroeil.jpg\",\"width\":566,\"height\":403,\"caption\":\"delphine\"},\"logo\":{\"@id\":\"https:\/\/delphinemayeul.fr\/#\/schema\/person\/image\/\"},\"sameAs\":[\"http:\/\/delphinemayeul.fr\"]}]}<\/script>\n<!-- \/ Yoast SEO plugin. -->","yoast_head_json":{"title":"Accueil - Delphine Mayeul","description":"Accueil","robots":{"index":"index","follow":"follow","max-snippet":"max-snippet:-1","max-image-preview":"max-image-preview:large","max-video-preview":"max-video-preview:-1"},"canonical":"https:\/\/delphinemayeul.fr\/","og_locale":"fr_FR","og_type":"article","og_title":"Accueil - Delphine Mayeul","og_description":"Accueil","og_url":"https:\/\/delphinemayeul.fr\/","og_site_name":"Delphine Mayeul","article_modified_time":"2025-12-06T10:55:35+00:00","twitter_card":"summary_large_image","twitter_misc":{"Dur\u00e9e de lecture estim\u00e9e":"1 minute"},"schema":{"@context":"https:\/\/schema.org","@graph":[{"@type":"WebPage","@id":"https:\/\/delphinemayeul.fr\/","url":"https:\/\/delphinemayeul.fr\/","name":"Accueil - Delphine Mayeul","isPartOf":{"@id":"https:\/\/delphinemayeul.fr\/#website"},"datePublished":"2025-11-11T19:14:48+00:00","dateModified":"2025-12-06T10:55:35+00:00","description":"Accueil","breadcrumb":{"@id":"https:\/\/delphinemayeul.fr\/#breadcrumb"},"inLanguage":"fr-FR","potentialAction":[{"@type":"ReadAction","target":["https:\/\/delphinemayeul.fr\/"]}]},{"@type":"BreadcrumbList","@id":"https:\/\/delphinemayeul.fr\/#breadcrumb","itemListElement":[{"@type":"ListItem","position":1,"name":"Accueil","item":"https:\/\/delphinemayeul.fr\/"},{"@type":"ListItem","position":2,"name":"Accueil"}]},{"@type":"WebSite","@id":"https:\/\/delphinemayeul.fr\/#website","url":"https:\/\/delphinemayeul.fr\/","name":"Delphine Mayeul","description":"Th\u00e9rapeute bien-\u00eatre holistique","publisher":{"@id":"https:\/\/delphinemayeul.fr\/#\/schema\/person\/9d61741d0fed6b94415f5149f2ee5999"},"potentialAction":[{"@type":"SearchAction","target":{"@type":"EntryPoint","urlTemplate":"https:\/\/delphinemayeul.fr\/?s={search_term_string}"},"query-input":{"@type":"PropertyValueSpecification","valueRequired":true,"valueName":"search_term_string"}}],"inLanguage":"fr-FR"},{"@type":["Person","Organization"],"@id":"https:\/\/delphinemayeul.fr\/#\/schema\/person\/9d61741d0fed6b94415f5149f2ee5999","name":"delphine","image":{"@type":"ImageObject","inLanguage":"fr-FR","@id":"https:\/\/delphinemayeul.fr\/#\/schema\/person\/image\/","url":"https:\/\/delphinemayeul.fr\/wp-content\/uploads\/2025\/09\/fleuroeil.jpg","contentUrl":"https:\/\/delphinemayeul.fr\/wp-content\/uploads\/2025\/09\/fleuroeil.jpg","width":566,"height":403,"caption":"delphine"},"logo":{"@id":"https:\/\/delphinemayeul.fr\/#\/schema\/person\/image\/"},"sameAs":["http:\/\/delphinemayeul.fr"]}]}},"_links":{"self":[{"href":"https:\/\/delphinemayeul.fr\/index.php?rest_route=\/wp\/v2\/pages\/201","targetHints":{"allow":["GET"]}}],"collection":[{"href":"https:\/\/delphinemayeul.fr\/index.php?rest_route=\/wp\/v2\/pages"}],"about":[{"href":"https:\/\/delphinemayeul.fr\/index.php?rest_route=\/wp\/v2\/types\/page"}],"author":[{"embeddable":true,"href":"https:\/\/delphinemayeul.fr\/index.php?rest_route=\/wp\/v2\/users\/2"}],"replies":[{"embeddable":true,"href":"https:\/\/delphinemayeul.fr\/index.php?rest_route=%2Fwp%2Fv2%2Fcomments&post=201"}],"version-history":[{"count":18,"href":"https:\/\/delphinemayeul.fr\/index.php?rest_route=\/wp\/v2\/pages\/201\/revisions"}],"predecessor-version":[{"id":262,"href":"https:\/\/delphinemayeul.fr\/index.php?rest_route=\/wp\/v2\/pages\/201\/revisions\/262"}],"wp:attachment":[{"href":"https:\/\/delphinemayeul.fr\/index.php?rest_route=%2Fwp%2Fv2%2Fmedia&parent=201"}],"curies":[{"name":"wp","href":"https:\/\/api.w.org\/{rel}","templated":true}]}}